 of 68460 and 840?
420
Calculate the greatest common divisor of 24 and 108.
12
What is the greatest common divisor of 300 and 156?
12
Calculate the greatest common divisor of 868 and 48.
4
What is the greatest common divisor of 8 and 626?
2
Calculate the greatest common divisor of 3367 and 182.
91
What is the greatest common divisor of 650 and 610?
10
Calculate the greatest common divisor of 155 and 2294.
31
Calculate the highest common factor of 1510 and 100.
10
Calculate the greatest common factor of 105 and 3195.
15
Calculate the highest common factor of 1000 and 8750.
250
What is the greatest common factor of 16 and 556?
4
Calculate the highest common factor of 8 and 12344.
8
Calculate the greatest common factor of 224 and 272.
16
Calculate the highest common factor of 6 and 174.
6
What is the greatest common factor of 92 and 2852?
92
What is the highest common divisor of 536 and 2613?
67
What is the greatest common divisor of 1474 and 286?
22
What is the greatest common divisor of 156 and 1131?
39
What is the greatest common factor of 1639 and 33?
11
What is the highest common factor of 384 and 36?
12
Calculate the greatest common factor of 62 and 31.
31
What is the highest common divisor of 3620 and 60?
20
Calculate the greatest common divisor of 62 and 2511.
31
Calculate the greatest common factor of 2035 and 15.
5
Calculate the greatest common divisor of 17 and 119.
17
What is the greatest common factor of 189 and 1113?
21
Calculate the greatest common factor of 128 and 3712.
128
What is the highest common divisor of 42 and 63?
21
What is the greatest common factor of 904 and 21018?
226
What is the highest common divisor of 72 and 1656?
72
Calculate the greatest common divisor of 60 and 132.
12
What is the greatest common divisor of 217 and 930?
31
Calculate the highest common factor of 1 and 43.
1
What is the greatest common divisor of 152 and 57?
19
What is the highest common divisor of 15765 and 15?
15
What is the highest common divisor of 32 and 304?
16
What is the highest common divisor of 84 and 3738?
42
What is the greatest common factor of 17 and 45203?
17
Calculate the highest common divisor of 7612 and 242.
22
What is the greatest common factor of 494 and 78?
26
Calculate the greatest common divisor of 459 and 189.
27
Calculate the highest common factor of 10 and 16305.
5
Calculate the highest common divisor of 4 and 1556.
4
What is the highest common factor of 92 and 62652?
92
What is the highest common factor of 369 and 82?
41
Calculate the highest common divisor of 496 and 216.
8
Calculate the highest common divisor of 102 and 1122.
102
Calculate the highest common factor of 1 and 43.
1
What is the greatest common divisor of 2700 and 495?
45
What is the highest common factor of 444 and 1628?
148
What is the greatest common factor of 10 and 90?
10
Calculate the highest common divisor of 1944 and 72.
72
What is the greatest common divisor of 10 and 7090?
10
What is the highest common divisor of 136 and 510?
34
Calculate the greatest common factor of 85 and 625.
5
What is the greatest common factor of 31 and 8060?
31
What is the greatest common factor of 784 and 882?
98
Calculate the highest common factor of 270 and 297.
27
Calculate the greatest common factor of 2323 and 69.
23
Calculate the highest common factor of 154 and 70.
14
Calculate the greatest common divisor of 30 and 8630.
10
Calculate the highest common divisor of 6 and 57.
3
Calculate the greatest common divisor of 4784 and 8073.
299
What is the highest common divisor of 63 and 324?
9
What is the greatest common factor of 2464 and 1386?
154
Calculate the greatest common factor of 7 and 278.
1
Calculate the highest common factor of 72 and 52.
4
Calculate the greatest common divisor of 110 and 10.
10
Calculate the greatest common factor of 19 and 130587.
19
What is the highest common factor of 1066 and 5904?
82
What is the greatest common factor of 616 and 8?
8
What is the greatest common factor of 24 and 200?
8
What is the highest common factor of 77 and 9779?
77
What is the highest common divisor of 8658 and 222?
222
Calculate the greatest common divisor of 246 and 3854.
82
Calculate the highest common divisor of 130 and 12714.
26
Calculate the greatest common divisor of 23 and 1127.
23
What is the highest common factor of 720 and 630?
90
What is the highest common factor of 361 and 38?
19
What is the greatest common divisor of 446 and 6913?
223
What is the greatest common divisor of 27 and 90?
9
What is the highest common factor of 675 and 14715?
135
What is the highest common divisor of 714 and 28?
14
What is the greatest common factor of 285 and 399?
57
What is the highest common factor of 384 and 544?
32
What is the highest common divisor of 4454 and 786?
262
What is the highest common factor of 1491 and 639?
213
Calculate the greatest common factor of 18 and 5046.
6
What is the highest common factor of 954 and 2756?
106
Calculate the highest common divisor of 154 and 658.
14
Calculate the greatest common divisor of 393 and 23449.
131
Calculate the highest common factor of 60 and 1600.
20
What is the greatest common divisor of 114 and 1197?
57
Calculate the highest common factor of 350 and 280.
70
Calculate the greatest common factor of 8 and 1.
1
Calculate the highest common divisor of 8557 and 129.
43
What is the greatest common factor of 100 and 480?
20
Calculate the highest common divisor of 23538 and 6.
6
What is the highest common divisor of 30067 and 281?
281
What is the greatest common factor of 3410 and 110?
110
What is the highest common divisor of 810 and 2610?
90
What is the greatest common factor of 363 and 88?
11
What is the greatest common divisor of 25085 and 145?
145
What is the greatest common divisor of 1800 and 750?
150
What is the greatest common divisor of 954 and 126?
18
Calculate the greatest common divisor of 140 and 448.
28
What is the greatest common divisor of 312 and 416?
104
Calculate the greatest common factor of 5299 and 7.
7
What is the highest common factor of 21 and 33?
3
What is the greatest common factor of 76 and 342?
38
What is the highest common divisor of 38286 and 18?
18
Calculate the greatest common factor of 534 and 102.
6
What is the greatest common factor of 120 and 1332?
12
Calculate the greatest common factor of 1211 and 21.
7
What is the greatest common divisor of 4 and 106?
2
What is the highest common divisor of 975 and 117?
39
What is the greatest common divisor of 112 and 496?
16
What is the greatest common divisor of 95 and 310?
5
Calculate the highest common factor of 114 and 186.
6
What is the greatest common divisor of 513 and 27?
27
What is the highest common divisor of 220 and 990?
110
What is the highest common divisor of 400 and 5?
5
Calculate the highest common factor of 9062 and 46.
46
What is the highest common factor of 169 and 481?
13
What is the highest common divisor of 1617 and 11?
11
Calculate the highest common divisor of 49 and 1610.
7
Calculate the greatest common divisor of 320 and 130.
10
Calculate the highest common factor of 245 and 40.
5
Calculate the greatest common factor of 75 and 675.
75
What is the greatest common factor of 1890 and 140?
70
Calculate the highest common divisor of 429 and 748.
11
What is the highest common divisor of 3504 and 108?
12
Calculate the greatest common factor of 16 and 26416.
16
What is the highest common divisor of 166 and 1494?
166
What is the highest common divisor of 182 and 21?
7
What is the highest common factor of 18 and 430?
2
Calculate the greatest common divisor of 427 and 322.
7
What is the greatest common divisor of 25 and 950?
25
Calculate the highest common factor of 273 and 2352.
21
What is the highest common divisor of 5 and 16?
1
What is the highest common divisor of 35 and 210?
35
Calculate the highest common divisor of 1310 and 40.
10
Calculate the highest common factor of 5 and 950.
5
What is the highest common divisor of 13 and 8775?
13
Calculate the greatest common factor of 11 and 7249.
11
Calculate the greatest common divisor of 11141 and 13.
13
What is the highest common divisor of 56 and 91?
7
Calculate the greatest common divisor of 101 and 1313.
101
What is the highest common factor of 1525 and 61?
61
What is the grea